 second derivative of -d**8/6720 - d**7/840 + d**6/360 + d**5/60 - 7*d**4/12 + 36*d. Let s(q) be the third derivative of f(q). Give s(-3).
-4
Let x(y) = -2*y + 0*y - 6 - 5. Let p(z) = -z - 5. Suppose -3*d = -o - 9, -3*o - 2*d = -o + 2. Let t(v) = o*x(v) + 7*p(v). Calculate t(-4).
2
Let s be 27/18*28/6. Let y(o) = o**2 - 4*o - 7. Calculate y(s).
14
Let s(t) = 29*t**3 - 5*t - 30*t**3 + 35 - 42 - 7*t**2. Suppose d + 2 = -2*c, -2*c = d + 3*c - 4. Calculate s(d).
-13
Let y(z) = z - 2. Let o = -17 - -20. Suppose o*s = 2*s. Suppose -5*n = -x - 3*x - 15, s = 4*x + 5*n + 25. What is y(x)?
-7
Let y(w) = w**3 + 11*w**2 - 11 + 21 + 14*w + 8*w**2 - 2*w - 28*w**2. Calculate y(7).
-4
Let d(n) = -3*n**2. Let p(i) = 14*i**2 - 5*i - 10. Let g(b) = -5*d(b) - p(b). Calculate g(-4).
6
Let v(s) = s**2 + 18. Let o(g) = -2*g + 22. Let a(m) = 1. Let x(d) = -36*a(d) + 2*o(d). Let r be x(2). What is v(r)?
18
Suppose 22 = -4*c - 10. Let k(s) = -s**2 - 9*s - 2. Let y be k(c). Let w(g) = -1 - g**2 + g**3 + 0*g**2 - 7*g - 4*g**2 + 2*g. What is w(y)?
5
Let l(o) = -1 - 5 + 1 - 11*o**2 - o + 4 - o. What is l(-1)?
-10
Let z(x) = x + 1. Let h be z(1). Let d be ((-4)/(-6))/(h/(-3)). Let j(w) = -11*w**3 + 45*w**2 + w - 2*w - 46*w**2. Determine j(d).
11
Let s(u) = -2 + 13027*u**3 - 13064*u**3 + 2. Give s(1).
-37
Let v(d) = -35*d - 243. Let g be v(-7). Let o(s) = s**3 - 2*s**2 - 2*s - 3. What is o(g)?
-7
Let l(w) = w**3 - 5*w**2 - 7*w + 4. Let c(z) = -1 + 80*z - 80*z - 28*z**2. Let t be c(-1). Let p = t + 35. Calculate l(p).
-2
Let s be (-1 + 0)*-1*(1 - 0). Let z(v) be the third derivative of v**6/60 + v**3/6 - v**2. What is z(s)?
3
Let s(i) = -7*i + 199. Let u be s(29). Let h(o) = o**2 + 10*o + 1. Give h(u).
-23
Let s(h) = 38*h**3 + 3*h - 2. Let z = -1500 - -1501. Give s(z).
39
Let o(f) = 1. Let w(b) = 4*b + 7. Let x(d) = 3*o(d) + w(d). Let m be x(-4). Let y(z) = z + 4. What is y(m)?
-2
Let o(c) = -c**2 + c - 23. Let h = -439 - -439. Give o(h).
-23
Let b(k) be the first derivative of 1/3*k**3 - 15 - k - 3*k**2. What is b(5)?
-6
Let t(r) be the second derivative of r**5/20 + r**4/3 - r**3 - 6*r**2 - 155*r + 2. Calculate t(-5).
-7
Let n(y) be the first derivative of 0*y**2 - 4 - 3*y**2 + y + 7. Let a = -567 - -569. Give n(a).
-11
Let o(h) = -68*h - 13. Let y(g) = -35*g - 8. Let r(a) = 3*o(a) - 5*y(a). Give r(-1).
30
Let g(s) be the first derivative of -s**3/3 + 7*s**2/2 + 3*s + 5. Let h = 36 + -29. Calculate g(h).
3
Let m(i) = -2*i**2 + 14*i - 12. Let a(w) = w**2 - 6*w + 5. Let t(y) = 9*a(y) + 4*m(y). Determine t(2).
5
Let p(l) = -l**3 - 30*l**2 - 124*l - 1. Let g be p(-5). Let u(j) = -j**3 - 7*j**2 - 7*j - 2. What is u(g)?
4
Let y(g) = g**3 - g + 1. Let q be 2/1 - 6 - (-18)/9. Determine y(q).
-5
Let i(t) be the third derivative of -t**6/240 + t**5/120 - t**4/24 - 3*t**2. Let h(y) be the second derivative of i(y). Let q = 14 - 12. Calculate h(q).
-5
Suppose j - 6 = 4. Suppose w - 3 = -0*w. Suppose -w*k - 35 = -8*k - 2*f, k - j = -f. Let z(l) = -l**3 + 5*l**2 - l + 2. Give z(k).
-3
Let o(d) = -3*d + 4*d - 1 + 5 + 8 + 2*d. What is o(-6)?
-6
Let n(w) be the first derivative of 5 - w - 3*w**2 - 1/3*w**3. Let o = -27 - -21. What is n(o)?
-1
Let c(r) = 6*r**3 + 10*r**2 - r + 14. Let v(q) = -q**3 - 2*q**2 - 2. Let s(w) = -c(w) - 5*v(w). Let g(a) = a + 6. Let f be g(-6). Calculate s(f).
-4
Let p(r) = -16*r**2 + 27*r - 46. Let x(f) = -3*f**2 + 6*f - 9. Let d(a) = 2*p(a) - 11*x(a). Determine d(6).
-29
Let q(o) = o**3 - 8*o**2 + 9*o - 10. Suppose -5*d + m = 3*m - 31, -3*d + 27 = -3*m. Calculate q(d).
4
Let q = -12 + 2. Let z be (6/15)/((-1)/q). Let f(v) = 7*v + 4. Let k(t) = 15*t + 9. Let d(l) = z*k(l) - 9*f(l). Determine d(1).
-3
Let k be (-1 + (-3)/(-6))*0. Let x(d) = -2*d**3 + 47*d**2 - 5*d - 1. Let g(y) = -3*y**3 + 66*y**2 - 7*y - 2. Let a(p) = -5*g(p) + 7*x(p). What is a(k)?
3
Let w(c) be the first derivative of c**2/2 + 4*c - 117. What is w(5)?
9
Let d be 40/(-3) + (-4)/6. Let z = d + 23. Suppose z = -4*f - 3. Let s(m) = -m**2 - 5*m + 3. Determine s(f).
9
Let f(o) = -o**2 + 5*o + 3. Let p(h) = -66 - h**2 + 67 - 3*h + 2*h**2. Let c be p(4). Give f(c).
3
Suppose s + 1 = -0. Let q = 1 - s. Let i(k) = 724 + 3*k - 372 - 355. Give i(q).
3
Let x be 88/16 - (-2)/4. Let f be x + 1/(4/16). Let u(j) = f - 5*j + 7*j + j - 2*j. What is u(-5)?
5
Let n be (-2)/5 + 6/(-10). Let q(l) = -l + 7. Let i(v) = -2*v + 25. Let a(o) = 2*i(o) - 7*q(o). Determine a(n).
-2
Suppose -6*y = -10 + 142. Let u = 20 + y. Let h(x) = x**3 + 2*x**2 + 5*x + 4. Let b be h(u). Let m(c) = -c**3 - 5*c**2 + 10*c + 7. What is m(b)?
-17
Suppose 4 = -u - 2. Let n(l) = -l**3 + l. Let k be n(-1). Let r(o) = 0 + 1 + o + k. Determine r(u).
-5
Let m(z) be the first derivative of 5*z**2/2 - 156. Determine m(1).
5
Let k = 1 - 4. Let d(u) be the first derivative of u**2 + 2*u - 31. Determine d(k).
-4
Let r(f) be the third derivative of -f**5/60 - 5*f**4/6 - 8*f**3/3 - 5*f**2 - 12. What is r(-19)?
3
Suppose -3*w + 5*w - 12 = 0. Let v(q) be the second derivative of -4*q**2 + 0 - 1/12*q**4 + 31*q + 4/3*q**3. Give v(w).
4
Let c(m) be the third derivative of -m**5/30 + m**4/12 - m**3/6 - 2*m**2. Suppose -15 = -0*p - 3*p. Suppose -5*s + 2*j = -3*j - 5, p*j = 0. Calculate c(s).
-1
Let z(u) = 3 + 5 + 4*u - 5*u**2 + u**3 - 4. Let d(j) = -j**3 - 19*j**2 + 5*j + 99. Let o be d(-19). Determine z(o).
4
Suppose -5*r - 5*m + 0*m = -35, 0 = -3*r - 2*m + 17. Let x(k) = 151*k - r - 154*k + 4. Suppose -o - 4 = 3*l - 2, 7 = 2*l - o. Determine x(l).
-2
Let h(a) = -2*a + 2. Let t(o) = -o**3 - 4*o**2 + o + 2. Let j be ((-6)/3 - 0) + -2. Let l be t(j). Let k be (l/(-3))/((-8)/(-24)). Determine h(k).
-2
Suppose 0 = 4*w - 3*w - 2. Let y(a) = 7*a**2 - 3 - a**w - 4*a**2 - a**2. Calculate y(0).
-3
Let q(r) = -4*r**2 - 7*r - 4. Suppose 9*v = -j + 14*v + 18, 14 = j - 4*v. Give q(j).
-6
Let f(o) = -2*o - 3. Let u(r) = -r**2 + 20*r - 15. Let v be u(19). Suppose 21*d = 20*d - v. Let z be f(d). Let t(j) = j**3 - 6*j**2 + 5*j - 4. Calculate t(z).
-4
Let g be 6 - 0 - 294/21. Let s(v) = -v**3 - 8*v**2 + 2*v + 14. Give s(g).
-2
Let v(c) be the third derivative of c**4/12 + c**3 + 63*c**2. What is v(8)?
22
Suppose 2 - 2 = 6*b. Suppose -q + 13 - 4 = b. Let p(s) = s**2 - 9*s + 7. Determine p(q).
7
Let n(s) = -s - 14. Let p be n(-17). Let l(m) be the third derivative of 1/8*m**4 + 0 + 0*m + m**2 + 7/6*m**p. What is l(-6)?
-11
Let w(f) = -5*f**2 + 5*f - 8. Let v(a) = 14*a**2 - 15*a + 23. Let o(n) = 4*v(n) + 11*w(n). Suppose -3*i + 18 = 4*b, -2 = -3*i + 3*b + 16. Determine o(i).
10
Let y(x) = -x**2. Let l be y(-1). Let v(w) be the first derivative of -5/3*w**3 + 0*w**2 - w + 21. What is v(l)?
-6
Let s be (0/3 - 2)/((-29)/116). Let b(n) = -n**2 + 7*n + 6. Calculate b(s).
-2
Let a = 1 - -21. Let m = -17 + a. Suppose -34 + 4 = -m*h. Let s(j) = -j. What is s(h)?
-6
Let d be (-1)/(4/(28/(-1))). Let r(i) = -i + 4. Let k be r(d). Let j be (-6)/(-2)*4/k. Let z(t) = -t**3 - 3*t**2 + 5*t - 1. What is z(j)?
-5
Let v(k) = -2*k**2 - 4*k + 1. Suppose 14 + 18 = -r - 4*o, 4*r - 3*o + 90 = 0. Let t = -20 - r. Let i be (-119)/35 + t/10. What is v(i)?
-5
Let l(f) be the first derivative of 5*f**2/2 + 12*f - 188. Determine l(-6).
-18
Let n be ((78/18)/13)/((-2)/54). Let l(g) = g**3 + 10*g**2 + 8*g - 1. What is l(n)?
8
Let v(g) = 58*g + 65. Let c(p) = 21*p + 22. Let q(n) = 11*c(n) - 4*v(n). Calculate q(10).
-28
Let j(v) = 35*v - 3 - 20*v - 20*v. What is j(-2)?
7
Let v(c) = 15*c + 12. Let q(h) = -h - 1. Let d(i) = 12*q(i) + v(i). Suppose 0 = -2*z + 4*f + 6, -3*z + 8 + 1 = 4*f. Calculate d(z).
9
Let z(r) = -3*r**2 - 2*r + 1. Suppose 10 = -5*p + 25. Suppose 2*q - 5*n + n = 2, 0 = 2*q - n + 7. Let k = q + p. Give z(k).
-7
Let z(n) = n + 0*n - 3*n**2 + 2*n**2 + 0*n - 2 + 8*n. Determine z(8).
6
Let v = 249 + -252. Let k(o) = o + 2. Let i(h) = 2*h + 5. Let y(d) = 6*i(d) - 13*k(d). Calculate y(v).
7
Let h = -45 + 50. Let t(d) be the third derivative of 0 + 1/60*d**h + 0*d**3 - 2*d**2 + 0*d + 0*d**4. Give t(-2).
4
Let b(v) = v**3 + 6*v**2 - 10*v + 3. Let t(n) = 3*n**2 - n. Let c(o) = b(o) - 4*t(o). Determine c(5).
-52
Let r(a) be the first derivative of -a**2/2 + 4*a + 48. Give r(-6).
10
Let m(r) = 22*r - 2. Let a be (0 - -1)*(3 - 2). Give m(a).
20
Suppose 2*s - s = -3*l + 15, -3*l + 30 = -4*s. Let c(j) = 1. Let